- 506 = -y, -4*y + 4582 = -5*o. Calculate the greatest common factor of y and 508.
127
Let a be 56 + -4*1/2. Let p = a - 181. Let y = p - -302. Calculate the greatest common factor of y and 25.
25
Let z = 39 + -27. Let o = -11 + 11. Suppose -4*m + 0*m + 16 = o. Calculate the highest common divisor of z and m.
4
Suppose 2*r - 105 = -5*r. Suppose -r + 3 = -2*s. Suppose -1 - 31 = -3*t + 4*q, -3*t - 2*q + 2 = 0. Calculate the greatest common factor of s and t.
2
Let y = -38 - -108. Suppose y = 3*d + 34. What is the greatest common factor of 108 and d?
12
Let x be (1/5)/(44/1540). Suppose 0 = -2*s + 2, -2*g - 2*s + 2 = -8. Suppose -g*o - x = -43. Calculate the highest common factor of 54 and o.
9
Suppose -26*n = 11*n - 592. What is the highest common divisor of 464 and n?
16
Let g be 6/(-4) + (-9)/(-6). Suppose -24 = -g*f - 4*f + 4*q, -3*f + 5*q = -12. Calculate the highest common factor of f and 1.
1
Suppose 0 = -m - m + 246. Let z = m + -67. What is the greatest common divisor of z and 7?
7
Suppose 5*i - b = 157, -2*i = -5*i - 5*b + 111. Let o be (-1 - 14)*192/(-10). What is the highest common divisor of i and o?
32
Let p be ((-32)/(-28))/(-4) + 30/7. Let a be ((-12)/15)/(p/(-20)). What is the highest common factor of 14 and a?
2
Suppose 0 = 83*d - 56*d - 26460. Calculate the highest common factor of 35 and d.
35
Suppose -2*k + 3*f = -f - 8, k + f + 2 = 0. Let y = -162 - -500. Suppose -4*v = 5*p - y, k = 4*p + p + 2*v - 334. What is the highest common divisor of p and 6?
6
Suppose -j - 5*v - 3 = 2, -21 = -5*j - 2*v. Suppose -j*c + 50 = -4*c. What is the highest common factor of 20 and c?
10
Suppose -594*w + 1458 = -576*w. Calculate the greatest common factor of 12 and w.
3
Let z be 490/42 - 2/3. Let g(p) = -p + 11. Let c be g(z). Suppose c + 12 = w. Calculate the highest common factor of w and 30.
6
Suppose -2*a + i = -2*i - 277, 5*a - i = 686. Let v = a - 134. Calculate the greatest common divisor of v and 15.
3
Let g be -1*48/(-18)*3. What is the greatest common divisor of 196 and g?
4
Let x = 2059 + -1639. What is the greatest common factor of x and 112?
28
Let k(h) = -h - 7. Let z be k(-8). Suppose 289*o = 296*o - 7. Calculate the greatest common divisor of o and z.
1
Let u = -403 + 449. Calculate the highest common divisor of u and 16.
2
Let y = -2 - -5. Suppose -4*g + y*g = -25. Let s = 107 - 7. What is the highest common divisor of s and g?
25
Suppose -5*c + 38 = 2*s, -3*c - 4*s = -c - 28. Suppose c*r - 3*r = 84. What is the highest common divisor of r and 7?
7
Suppose 19*z - 6278 = 5692. Calculate the greatest common factor of z and 350.
70
Let j be (18 + 3)/(3/94). Calculate the greatest common factor of 47 and j.
47
Let l = -337 + 465. What is the highest common factor of l and 8?
8
Suppose 91 = 9*p - 2*p. Calculate the greatest common factor of p and 1.
1
Let j = -349 + 604. Calculate the highest common divisor of 102 and j.
51
Let l = 447 - 443. What is the greatest common factor of l and 68?
4
Let w be 11 - (0/11)/(-6). Calculate the greatest common divisor of w and 4.
1
Let w(s) be the second derivative of s**5/20 - s**4 + 5*s**3/2 - 11*s**2 + 20*s. Let p be w(11). What is the greatest common divisor of p and 33?
11
Suppose -2*v - 1 = -p - 21, -2*p = 4*v - 24. Calculate the highest common factor of v and 18.
2
Let r = -268 + 316. Calculate the highest common divisor of 6 and r.
6
Suppose -a + 4 = -3*l, 1 = l + 2*l + 4*a. Let h be (-22)/(-10) - l/(-5). Let f be (792/(-16))/(h/(-4)). What is the highest common factor of 11 and f?
11
Suppose 7 - 17 = -2*k + 4*m, 2*k + 5*m - 1 = 0. Suppose k*o - 21 = 69. Suppose 0*b = -b + o. What is the highest common factor of b and 20?
10
Suppose 1220*u - 1845 = 1215*u. Calculate the greatest common factor of 287 and u.
41
Suppose 8*n = 3*n + b + 2298, 0 = -4*n - 2*b + 1844. Calculate the greatest common divisor of 322 and n.
46
Let m be 1 - -2 - 2 - 92. Let x = 69 - m. Suppose 0 = -50*p + 56*p - 384. What is the greatest common divisor of p and x?
32
Let r = 103 - 57. Let s = r + -22. Calculate the highest common divisor of 72 and s.
24
Let t be 8286/69 - 30/345. Calculate the greatest common factor of t and 30.
30
Suppose 3*u = -3*l - 0*u + 18, 2*l - 11 = -3*u. What is the greatest common divisor of l and 784?
7
Let l(m) = 27*m + 15. Let f(b) = -13*b - 8. Let u(o) = -9*f(o) - 5*l(o). Let z be u(-2). Let i = 12 + z. What is the highest common divisor of i and 18?
9
Let q be (55 - 1)*1/1. Suppose -d + 5*h = d + 1, -5 = -5*h. Suppose 6*x - x + d*c = 20, 1 = x + c. What is the highest common factor of q and x?
6
Let h = 5538 + -5370. Let n be -1 + 52/2 + -1. What is the highest common factor of n and h?
24
Let v(q) = -9*q + 3. Let a be v(-7). Suppose -3*k = -18 - 0. Calculate the highest common divisor of a and k.
6
Let k = 85 + -52. Suppose 7*a - 90 - 64 = 0. Calculate the greatest common factor of a and k.
11
Let n = 140 - -58. Suppose 2*r + 24 = -0*r. Let d be (r + 1)/(5/(-10)). What is the highest common factor of d and n?
22
Let m(p) = -p**2 - 2*p + 3. Let f be m(-2). Suppose -7 = -4*h + 5*y, -h - f*y + 8*y - 17 = 0. What is the highest common factor of 56 and h?
8
Let a(m) = 34*m - 40. Let f be a(2). What is the greatest common factor of f and 476?
28
Suppose 4*r - 26 - 484 = -3*k, -r + 5*k = -116. What is the greatest common factor of r and 42?
42
Let y(m) = -2*m - 16. Let d = -24 + 8. Let o be y(d). What is the highest common divisor of o and 40?
8
Let l(v) = 63*v**2 - 51*v - 18. Let g be l(6). Calculate the greatest common divisor of 72 and g.
72
Suppose -15*j + 3064 = 589. Calculate the greatest common factor of j and 255.
15
Suppose -13*v - 55195 = -48*v. What is the greatest common factor of v and 19?
19
Let p be (334/(-4) - -1)*5676/(-430). Calculate the highest common factor of p and 9.
9
Let u(d) = d**2 + 8*d - 11. Let o be u(-10). Let s = o + 9. What is the greatest common divisor of 126 and s?
18
Let f(c) = 2*c**2 + 7*c + 6. Let h be f(-6). What is the greatest common factor of h and 63?
9
Let f(s) = 96*s**3 + s**2 - 1. Let p be f(1). Let q be (((-3159)/(-52))/27)/((-3)/(-16)). What is the highest common factor of p and q?
12
Suppose -4*g - 2*i = g - 2, g + 3*i = 3. Let a be 5 + g + 10 + -7. What is the greatest common factor of a and 56?
8
Let i(h) be the second derivative of h**4/4 - 11*h**3/6 - 29*h**2/2 - 7*h. Let v be i(-7). What is the greatest common factor of v and 15?
15
Suppose -4*h - h = 30. Let r = h + 11. What is the greatest common factor of 15 and r?
5
Let p be (-4)/(-26) + (-256)/(-26). Let o be 9/(-45) + 442/p. Calculate the highest common divisor of o and 4.
4
Let c = 47 + -43. Suppose -3*g = c*p - 43, -g = -5*g - 4*p + 60. What is the greatest common factor of 289 and g?
17
Let s = 9 - -8. Suppose o = 3*v - 7, 2*v - 14 - 4 = -2*o. Suppose -4*g = -3*r + 455, 3*g + 514 = v*r - 95. What is the greatest common factor of s and r?
17
Let s = 7 + 4. Calculate the highest common factor of s and 143.
11
Let f(r) = r + 7. Let x be f(0). Suppose 4*s + 70 + 58 = 0. Let a = s + 33. What is the highest common divisor of x and a?
1
Suppose -n - 504 = -2*n + 6*a, 2*n - a = 1052. What is the greatest common factor of n and 144?
48
Let l = -118 + 119. Calculate the highest common divisor of l and 2.
1
Let c be 10 + -2 + (4 - 4). Let y(l) = l**2 - 13*l + 16. Let s be y(c). Let o be s/60*(-55)/1. Calculate the greatest common factor of o and 22.
22
Let g(c) be the third derivative of c**5/60 + c**4/12 - c**3/3 + c**2 + 4*c. Let j be g(4). What is the highest common factor of j and 154?
22
Suppose 3*z = -5*v + 912, -108*z = -2*v - 105*z + 369. What is the greatest common factor of 793 and v?
61
Let v = 89 + 175. What is the greatest common factor of v and 33?
33
Let h(c) = c**3 + 19*c**2 - 43*c - 13. Let g be h(-21). Calculate the highest common divisor of 8 and g.
8
Let q = -173 - -18. Let f = -45 - q. Calculate the highest common factor of f and 10.
10
Let n = -55 - -91. What is the highest common divisor of 720 and n?
36
Let r(g) = 8*g - 8. Let k be r(6). Let n be (-1791)/63 + 6/14. Let p be (2 - n)/5 + 2. Calculate the highest common factor of k and p.
8
Suppose 2*c + 44 = 4*c - 4*d, -5*d - 100 = -5*c. What is the highest common divisor of c and 144?
18
Suppose -t = -2*t - 5. Le